mber?
True
Let i(n) = n**3 - 9*n**2 + 21*n + 6. Let u be i(9). Suppose -u = -0*l - 3*l. Is l prime?
False
Suppose 0*a - 21663 = -9*a. Is a a composite number?
True
Let r = 4353 + -2759. Let o(q) = -q - 2. Let f be o(-3). Is r/f*1/2 prime?
True
Let h = 532 + 94. Is h a composite number?
True
Suppose 0 = -5*u - h - 91, 0 = -5*u + 2*h - 59 - 29. Let p be 12 + 1 - u/(-9). Suppose s - n = 31, -p = -s + 4*n + 14. Is s composite?
True
Suppose 3*i - 11 = -0*i - j, -i - 7 = 3*j. Suppose 4368 = -i*t + t. Is t/(-20) + 2/5 a prime number?
False
Let t = 3586 + -647. Is t a prime number?
True
Let p = 743 - -2762. Is p composite?
True
Let j(n) = -2*n**3 - 5*n**2 + 19*n + 9. Is j(-7) a composite number?
False
Let y be (-312)/(-130)*5*(-1)/(-2). Suppose y*h + 214 = 922. Is h a prime number?
False
Let u be (1019/(-2))/((-1)/(-4)). Let z(d) = -3*d**2 + 2*d + 4. Let a be z(2). Is u/a + 9/(-18) a composite number?
False
Is 35787/9 + (-10)/(-15) composite?
True
Let r = -25 + 34. Suppose -r*f = -481 - 941. Is f a composite number?
True
Let h(l) = 184*l**2 - 12*l + 31. Is h(6) composite?
True
Suppose 0 = -4*o - 5*l - 5, -4*l = -1 + 5. Suppose -2*z - z = o. Is 107*2 + z + -3 composite?
False
Let r(o) = -165*o - 23 - 3*o + 13*o. Is r(-2) a composite number?
True
Let q = 107 - -1330. Is q composite?
True
Let u be -1*(-3)/(6/(-490)). Let h = 312 - u. Is h composite?
False
Let n = 43 - 167. Is (3/(-3))/(4/n) prime?
True
Is (-11044)/(-20) + (-40)/(-50) composite?
True
Suppose 5*b = 4*b. Suppose 4*q - 116 = -3*w, b*q + 3*w = 3*q - 87. Suppose -2*m = -q - 45. Is m a composite number?
False
Let w(b) = 141*b**2 + b - 1. Let a(y) = y**2 - 4*y + 1. Let i(h) = 2*h**2 - 8*h + 3. Let s(v) = -5*a(v) + 2*i(v). Let r be s(4). Is w(r) prime?
False
Let v = 348 + 422. Suppose -3*w - v = 2*w. Let r = w + 299. Is r a prime number?
False
Is 5170*1 + -1 - (-22)/(-11) a prime number?
True
Is 6117 + (-10 - (-36)/3) a prime number?
False
Let j = -741 - -1123. Is j a composite number?
True
Suppose p + 2653 = -2*p + 4*l, 859 = -p - 5*l. Is 5*(2 - p/15) prime?
False
Suppose 3*f = -2*p - 39, f - 4*f + 24 = -p. Let z = 38 - p. Is z a composite number?
False
Suppose 4*l + 70033 = 3*y - 28157, -9 = 3*l. Is y prime?
False
Let m be (4/(-14))/(((-14)/(-49))/(-2)). Let h(v) = 171*v**2 - 5. Is h(m) a prime number?
False
Let y = 24 + -4. Suppose g = 5*d - y + 300, -d - 1472 = -5*g. Is g a prime number?
False
Suppose -16*n + 19*n - t = 22, 0 = -3*n + 4*t + 34. Let p(s) = 7*s - 15. Let x(m) = 4*m - 8. Let v(z) = -2*p(z) + 5*x(z). Is v(n) a composite number?
True
Let w(l) = -15*l**3 - 17*l**2 + 13*l - 20. Is w(-13) composite?
True
Suppose -3*u + 6*u - 6 = 0. Let x(o) = 1 - 7 + 13*o**u + 5 - 2. Is x(-2) a composite number?
True
Is 1502248/602 - (-3)/(-7) a composite number?
True
Let q = 72995 - 48964. Is q a prime number?
False
Is (-15)/9 + (-287436)/(-18) composite?
True
Suppose q = -4*u + 22, -4*u = -2*q - 5*u + 9. Let o be (q + (-808)/4)*4. Let i = -381 - o. Is i a composite number?
False
Let j be ((-63)/(-2) - 2)*-62. Let w = j + 2707. Is w prime?
False
Let f(v) = 3157*v - 78. Is f(11) a composite number?
False
Let i(p) be the third derivative of 29*p**4/12 - 17*p**3/6 + 3*p**2. Is i(3) prime?
True
Suppose -3*v + 5*z + 88601 = 0, -v + 2*z = 7*z - 29507. Is v prime?
True
Suppose 2*w + 2*c = 20238 + 2480, -4*w + 45456 = -c. Is w a prime number?
False
Suppose 68322 = 3*g - 3*s, 3*g + 11*s - 9*s - 68297 = 0. Is g prime?
True
Suppose 2*a - 12 - 4 = 0. Let z(i) = i**2 - 8*i + 5. Let j be z(a). Suppose -2*n - 3*h + 225 + 158 = 0, -j*n + 1000 = -h. Is n composite?
False
Let a = -30 + -2. Let y be a/10*(-20)/4. Suppose y = 2*z - 86. Is z prime?
False
Let f = -308 - -5817. Is f a composite number?
True
Suppose 13*r = 11*r + 11338. Is r prime?
True
Let o = -4 + 6. Suppose o = 2*f - 0. Let v(j) = 168*j**2 - j. Is v(f) a composite number?
False
Suppose 0 = -5*j - 2*t - 19, 3*j = j - 4*t - 14. Let l = 74 + j. Suppose -l = -3*i - 2*k, 4*i = 6*k - 3*k + 89. Is i a prime number?
True
Let h(w) = 10*w**2 + 4*w - 7. Let k(q) = 21*q**2 + 7*q - 15. Let j(o) = -7*h(o) + 3*k(o). Let m be j(-8). Let a = 645 + m. Is a prime?
True
Let i(x) = -x**2 + 1165. Suppose -p + 4 = -5*p - c, p + 4 = -c. Let v be i(p). Suppose -d - 4*d = -v. Is d a prime number?
True
Suppose a + w - 130 = 0, -200 - 42 = -2*a + 4*w. Is a composite?
False
Suppose -18*r + r = -908531. Is r a prime number?
False
Let r(b) = -12*b - 6. Let c(v) = v**2 + 13*v + 7. Let y(o) = -5*c(o) - 6*r(o). Let w(n) be the first derivative of y(n). Is w(-9) composite?
False
Let i(h) = 67*h**2 + 6*h + 112. Is i(-7) a composite number?
True
Suppose 348*j = 339*j + 10737. Is j a composite number?
False
Suppose 0 = 5*a + 9*a - 4*a. Suppose -12*z + 20*z - 4424 = a. Is z composite?
True
Let y be 1/4 - 21/(-12). Suppose 5*a - 4*a = y*q, -3*q - 10 = -4*a. Is 431/(-1 + q + 0) a composite number?
False
Let d(j) = -5*j**3 + 24*j**2 + 115*j + 7. Is d(-9) a composite number?
False
Let w be (2/(-3))/((-16)/120). Suppose 0 = 5*j - 10, 10 = -0*f + f + w*j. Suppose 4*t = 5*d - 115, -d + t + 4*t + 23 = f. Is d prime?
True
Let p(h) = -213*h**3 - 361*h**3 - 2*h**2 + 4 - 3. Is p(-1) composite?
True
Let c(d) = -2*d + 2. Let p be c(0). Suppose -a - 5*x = -5*a + 31, -p*x = -a + 10. Suppose -5*u - 660 = -5*z, 2*z - a*u = -0*z + 274. Is z prime?
True
Let q(l) = 58*l**2 + 5*l + 5. Let g be q(-3). Is g/14 - 27/(-63) a composite number?
False
Let y be 1/((-4)/(-24)*2). Suppose -2*v + 3*c = -30, -36 = 4*v + y*c - 96. Is v a prime number?
False
Suppose -8 + 2 = -g. Let i be (4/2)/(3/g). Suppose i*s = 5*t - 37 - 46, -13 = -t + 2*s. Is t a prime number?
True
Let p(z) = -9*z**2 - 4*z - 4. Let l be p(5). Let s = 99 + l. Let h = s + 227. Is h a composite number?
True
Is (1066 - 24) + (0 - -1) a composite number?
True
Let m(v) = -2*v**2 - 11*v + 5. Let l be m(-5). Is (l/3)/(14/399) a composite number?
True
Is (167858/153)/((-8)/(-36)) a composite number?
False
Let v be -2 + -7 + (5 - 1). Let m(u) = -34*u**2 + 6*u + 2. Let d be m(v). Is 1/(0 + (-2)/d) a prime number?
True
Let g(y) = 2*y + 1. Let n be g(-4). Let w be 4*(n - 1)/(-2). Is 307 + (-4)/w*0 a composite number?
False
Suppose -21*p = -14*p - 1246. Suppose 5*b = -k + 439, 0*b - 2*b = k - p. Is b a prime number?
False
Let x = 23730 + 707. Is x a prime number?
False
Let h = 1643 - 436. Is h composite?
True
Let t(r) = r**2 - 6*r. Let a be t(6). Is (-172)/(-2) - (-3 - a) prime?
True
Suppose 844465 = 28*s + 116773. Is s a composite number?
True
Suppose -5*z - 70 = -c, 5*z - 65 = c - 3*c. Suppose -c - 129 = -2*n. Suppose 0 = -2*r + r + n. Is r a prime number?
False
Let m(w) = -8*w - 12. Let i be m(-12). Suppose -89*q = -i*q - 1655. Is q a composite number?
False
Suppose -b + 6*b = 4*r + 29, 2*b - 3*r - 6 = 0. Let z = b + -7. Suppose -z*q + 295 = 3*q. Is q a prime number?
True
Suppose 2*u = -i + 62792, -9*i + 12*i = -5*u + 188371. Is i composite?
True
Let u(g) = -g**3 + 4*g**2 + 2*g - 4. Let n be u(4). Suppose -w - 2*w = -4*v + 638, -n*w = -v + 829. Let q = -73 - w. Is q composite?
True
Let q(y) be the third derivative of 11/8*y**4 + 13/3*y**3 + 0*y + 0 + 4*y**2. Is q(12) prime?
False
Suppose 0 = -7*b + 29 + 13. Suppose b*c - 5520 = -894. Is c prime?
False
Suppose 2 = 6*o - 22. Suppose -1195 = -o*v + 1017. Is v prime?
False
Suppose -4*z = -8*z - 3*f + 776, -f = -5*z + 951. Is z prime?
True
Is (-1)/((-3)/(-9) - (-246880)/(-740496)) composite?
False
Let o be (-6)/(-1 + -3 - -2). Suppose 5*v - 1 = -11, 5*m = -o*v + 664. Suppose 392 = 2*c - m. Is c a composite number?
False
Let w(z) = z**2 - 6*z + 12. Let o be w(5). Suppose 308 = 3*j - o*j. Let i = j - -146. Is i composite?
True
Let l be 20/4 + -2*1. Suppose 0 = 4*v - 3*v - l. Suppose -v*x = -5*x + 526. Is x a composite number?
False
Let w = 6 + -6. Suppose 4*u - 102 - 254 = w. Is u a composite number?
False
Let k = -26351 - -80474. Is k a composite number?
True
Is (-4 + 0)/(-8 - (-323376)/40428) a composite number?
True
Let a(q) = q + 6. Let k be a(6). Suppose 5*p + 2*r = 218, -3*p + 5*r = 3 - 140. Suppose -k = -v + s, 4*v + s - p = v. Is v prime?
False
Let k = 12367 + -8522. Is k a composite number?
True
Suppose 2235152 = 15*n + 332657. Is n composite?
True
Let d(p) = -p + 6. Let s be d(-6). Let a = 16 - s. Suppose 5*